6). Suppose -i*a = -4*v + 81, 3 = v + 3*a + 4. What are the prime factors of v?
2, 7
Let g = 3 - -108. What are the prime factors of g?
3, 37
Let s(k) be the third derivative of k**6/240 - k**5/30 - k**4/12 - 2*k**2. Let l(y) be the second derivative of s(y). What are the prime factors of l(3)?
5
Let c = -19 - -28. Let y = 23 - c. What are the prime factors of y?
2, 7
Let c(m) = m**3 - 10*m**2 + 2*m - 11. What are the prime factors of c(10)?
3
Suppose 3*g = -2*x - 70, x - 2*x - 45 = -g. What are the prime factors of x/(-4) - (-4)/(-16)?
2, 5
Suppose 0 = -2*f + f + 30. Let a = f - 18. What are the prime factors of a?
2, 3
Let a(q) = -32*q**3 - q**2 - q - 1. List the prime factors of a(-1).
31
Let u be (-1)/(-1)*(1 - -1). Suppose 3*t - 5*k - 60 = 0, -2*t - 21 = -3*t + u*k. What are the prime factors of t?
3, 5
Let q(g) be the second derivative of 1/12*g**4 + 2*g**2 + g + 0*g**3 + 0. What are the prime factors of q(3)?
13
Let f be -2*((-15)/(-2))/(-5). Let c be (-6 - f)/(1/(-1)). Suppose 0 = 2*j - c - 1. What are the prime factors of j?
5
Let j(p) = -p + 6. Let o be j(4). Let y = 38 - o. List the prime factors of y.
2, 3
Let z be 0/2*1/(-2). Let h = 1 - z. What are the prime factors of h + 0 - (-12)/2?
7
Suppose -s - 4*p - 8 = 0, 3*p - 2 = -5*s - 59. Let l = 1 - s. What are the prime factors of l?
13
Suppose 4*j - 9 = 39. Suppose -3*z = -j, 3*r - z = 6*r - 13. Suppose r*b = b + 26. What are the prime factors of b?
13
Let b(m) = 3*m - 12. Let k be b(8). Suppose -s = s - k. What are the prime factors of s/4 + 2/4?
2
Suppose 7 + 10 = 5*i + p, 5*i - 35 = 5*p. List the prime factors of i.
2
Let y be 2 - 4 - (-5 - 2). Suppose -s - y*d + 3 = -4, -d + 3 = s. What are the prime factors of s?
2
What are the prime factors of 0 - (2 - (-86)/(-1))?
2, 3, 7
Suppose 5*w + 4 = 29. Let r = w - 3. Suppose 2*q = -r*q + 64. What are the prime factors of q?
2
Suppose 0*v = v + 3. What are the prime factors of -4 + 47/v*-3?
43
Let k = -6 - -10. Suppose -179 = -8*p - 51. Suppose 2*s + k = p. List the prime factors of s.
2, 3
Let x be ((-8)/(-5))/((-1)/(-5)). Suppose m + m = x. What are the prime factors of 8/(-2)*(-3)/m?
3
Suppose -6*z - 96 = -9*z. Suppose -z = -0*c - 2*c. Suppose 0*w - c = -w. What are the prime factors of w?
2
Suppose -5*o + 318 = -2*o - 3*g, 2*g - 109 = -o. List the prime factors of o.
107
Suppose 4*s = -10 + 26. Suppose 5*a - 124 = s*j - 2, -j + 2 = 0. What are the prime factors of a?
2, 13
Suppose -2*m = 5*f - 12, 5*m - f - 46 = m. List the prime factors of m.
11
Let f(d) be the first derivative of d**3/3 - 3*d**2 + 7*d - 2. Let g be f(5). Suppose g = 2*u - 18. List the prime factors of u.
2, 5
Let y(m) = m**3 + 4*m**2 + 3*m + 4. Let q be y(-4). Let f = q - -13. Let w(u) = u - 3. What are the prime factors of w(f)?
2
Suppose -4*s + s + 2*t + 396 = 0, -4*s = t - 539. What are the prime factors of s?
2, 67
Let x(f) = -f**2 - 2*f - 1. Let h be x(-2). List the prime factors of (-105)/(-4) + h/4.
2, 13
Let h = 3 - 1. Suppose 2*n + 26 = h*o, -o = -5*o - n + 32. List the prime factors of o/2 - 5/(-10).
5
Let v be (-6)/10 - 92/(-20). Suppose -3*s = 4*r - 109 - 14, -2*r + 78 = -v*s. What are the prime factors of r?
3, 11
Let o(r) = r**2 + 8*r - 10. Let y be o(-9). List the prime factors of (-14 - (-1 + -1))*y.
2, 3
Suppose -g - g - o + 13 = 0, 0 = 4*g + 5*o - 41. Suppose -172 + g = -4*y. List the prime factors of y.
2, 3, 7
Let p(h) = -h - 5. Let u(q) = -q**2 + 5*q + 1. Let s be u(6). Let m be p(s). List the prime factors of (7 - m) + (-4)/(-2).
3
Suppose -4*p - r = -477, -5*r + 3*r + 2 = 0. List the prime factors of p.
7, 17
Let g = 229 + -158. What are the prime factors of g?
71
Suppose -11 - 4 = -5*g. Suppose 0 = 5*n + g*k - k - 55, -4*n - 4*k = -56. Let f = n - 6. List the prime factors of f.
3
Suppose -4*p + 3*g = -99 + 13, 4*g - 32 = -2*p. Let s = p + -11. List the prime factors of s.
3
Suppose -16 = -2*v + 3*f, -v - f + 0 = -18. Let h = v - -13. What are the prime factors of h?
3
Suppose -18*g + 13*g = -840. List the prime factors of g/18 - (-8)/(-6).
2
Suppose 0 - 6 = -3*x. Suppose 0 = k - 3*k + 8. Suppose 3*d + x + k = 0, -5*s + 25 = 5*d. What are the prime factors of s?
7
Let v(a) be the third derivative of -a**6/120 + a**5/10 + a**4/3 - a**3/3 - 5*a**2. What are the prime factors of v(7)?
5
Let r(z) = -z - 2. Let j be r(-6). Let d(u) = u - 3. Let k be d(7). Suppose 48 = 4*b + k*v, b + j*v = 6*b - 87. What are the prime factors of b?
3, 5
Let x = -5 - 4. What are the prime factors of 2/x + 1463/63?
23
Suppose 0 = w - 24 - 20. Suppose u + k = w - 8, 4*k + 94 = 3*u. List the prime factors of u.
2, 17
Suppose -5*f - 3*p - 34 = 0, -4 + 13 = -3*p. Let l(m) = m**3 + 5*m**2 - m + 7. List the prime factors of l(f).
2, 3
Let x(c) = -c**2 + 35*c - 53. List the prime factors of x(22).
233
Let q be (-6)/(-24) - (-11)/4. List the prime factors of 3/q + 4 + 3.
2
Suppose 3*o - p = p - 12, -4*o + 3*p = 16. Let g = -1 - o. Suppose -4*c - t = -49, 3*c - 18 = g*t + 30. What are the prime factors of c?
13
Suppose 4*y - 4*q - 27 = 117, 5*q - 25 = 0. What are the prime factors of y?
41
Suppose 9*d - 14*d + 10 = 0. Let v be (-22)/(-4) - (-2)/(-4). Suppose d*g + 21 = 4*b - 3*b, 0 = -2*b - v*g + 6. What are the prime factors of b?
13
Suppose -3*i = 4*m - 73, -6*m - 20 = -2*m. Suppose 5*d = 2*l + i, -2*l - 1 = d - 0. Suppose 6 + 9 = d*h - 3*y, 2*y + 14 = 4*h. What are the prime factors of h?
2, 3
Suppose f + 2*f - 7 = u, -5*f + 15 = 0. Suppose -u*a - 22 = -4*a. What are the prime factors of a?
11
Suppose 25*q = 22*q + 342. What are the prime factors of q?
2, 3, 19
Suppose 14*u = 11*u + 147. List the prime factors of u.
7
Let m(k) = 17*k + 5. Let t(p) = -p**2 - 3*p + 7. Let r be t(-4). List the prime factors of m(r).
2, 7
Suppose 465 = -34*n + 39*n. What are the prime factors of n?
3, 31
Let l(s) be the first derivative of -s**4/4 + s**3 + s**2 - s - 1. Let u be l(3). Suppose -c - 12 = -u*c. What are the prime factors of c?
3
Let w = -7 + 5. Let h(q) = -28*q - 2. Let c be h(w). What are the prime factors of (-12)/c + (-238)/(-18)?
13
Suppose 6*p = 884 + 256. List the prime factors of p.
2, 5, 19
Suppose 0 = -5*a - 84 + 204. List the prime factors of a.
2, 3
Let a = 33 - 23. Let b = -4 + a. What are the prime factors of b?
2, 3
Let r(p) = p**3 - 5*p**2 - 5*p + 5. Let m be (-4)/(-4) + 3 - -2. List the prime factors of r(m).
11
Let i(w) = -w**3 + 13*w**2 - 13*w - 7. Let z be i(11). Suppose 2*r = -2*r + z. What are the prime factors of r?
23
Suppose -11 = -5*s + 24. Let k(b) = -b**3 + 6*b**2 + 9*b - 6. What are the prime factors of k(s)?
2
Let x = -9 - -2. Let l(o) = o**3 + 7*o**2 - 3*o - 5. List the prime factors of l(x).
2
Let y(p) = 21*p**2 + 5*p + 11. Let u(h) = -7*h**2 - 2*h - 4. Let o(i) = 8*u(i) + 3*y(i). What are the prime factors of o(1)?
7
Let t(u) = 3*u - u - u + 0*u. Let g be t(2). Suppose -h + 24 = g*h. List the prime factors of h.
2
Suppose -4*j + 2*z = -12, -3*z + 9 = 4*j - 13. Let n = 6 - j. List the prime factors of n - (-1 + 28)/(-3).
11
Suppose 0 = 4*u - 8*u + 40. What are the prime factors of u?
2, 5
Let g(a) = -13*a - 3. What are the prime factors of g(-15)?
2, 3
Let u = -3 - -24. List the prime factors of u.
3, 7
Let h be (-27)/33 + 2/(-11). Let w = -1 - h. Let i = w + 5. List the prime factors of i.
5
Suppose 0 = l - 3. Suppose l*d = -4*k + 50, 3*d + k = -2*d + 89. What are the prime factors of d?
2, 3
Suppose -5*z + 3*p = -136, -3*z = z + 5*p - 94. Suppose -z - 26 = -q. Suppose -3*x + q = -11. What are the prime factors of x?
3, 7
Suppose -5*h = 57 - 237. Suppose 4*o + 28 = 4*t, -5*t + h = -2*o - 8. What are the prime factors of (-2 + t)/(5/10)?
2
Let d be (-14 + 3 + -1)*2. Suppose 3*p - p - 5*h + 15 = 0, -4*p + 5*h - 35 = 0. Let l = p - d. List the prime factors of l.
2, 7
Suppose 0 = -3*n + 66 + 33. What are the prime factors of n?
3, 11
Let d = -1 + 0. Let h be -1 - (d - -3) - -6. Suppose -h*f = -r - 5, 2*f + 0*f + r - 5 = 0. List the prime factors of f.
2
Suppose 0 = -3*s + 5*m - 12, -4*s - s + 3*m = 20. Let h = 18 + s. What are the prime factors of h?
2, 7
Let w be ((-3)/3)/(2/14). Let m = 11 + w. Suppose 0 = -3*g + m*g - 9. What are the prime factors of g?
3
List the prime factors of 158 - 2 - -2*(4 + -3).
2, 79
Let h = -1 + 6. What are the p